{"id":3518,"date":"2026-01-11T09:43:43","date_gmt":"2026-01-11T09:43:43","guid":{"rendered":"https:\/\/www.akademiatenisowazabrze.pl\/?page_id=3518"},"modified":"2026-01-11T09:43:43","modified_gmt":"2026-01-11T09:43:43","slug":"artykuly","status":"publish","type":"page","link":"https:\/\/www.akademiatenisowazabrze.pl\/?page_id=3518","title":{"rendered":"Artyku\u0142y"},"content":{"rendered":"\t\t<div data-elementor-type=\"wp-page\" data-elementor-id=\"3518\" class=\"elementor elementor-3518\" data-elementor-post-type=\"page\">\n\t\t\t\t<div class=\"elementor-element elementor-element-4e00304 e-con-full e-flex e-con e-parent\" data-id=\"4e00304\" data-element_type=\"container\" data-e-type=\"container\" data-settings=\"{&quot;background_background&quot;:&quot;classic&quot;,&quot;shape_divider_top&quot;:&quot;opacity-tilt&quot;,&quot;shape_divider_bottom&quot;:&quot;opacity-tilt&quot;}\">\n\t\t\t\t<div class=\"elementor-shape elementor-shape-top\" aria-hidden=\"true\" data-negative=\"false\">\n\t\t\t<svg xmlns=\"http:\/\/www.w3.org\/2000\/svg\" viewBox=\"0 0 2600 131.1\" preserveAspectRatio=\"none\">\n\t<path class=\"elementor-shape-fill\" d=\"M0 0L2600 0 2600 69.1 0 0z\"\/>\n\t<path class=\"elementor-shape-fill\" style=\"opacity:0.5\" d=\"M0 0L2600 0 2600 69.1 0 69.1z\"\/>\n\t<path class=\"elementor-shape-fill\" style=\"opacity:0.25\" d=\"M2600 0L0 0 0 130.1 2600 69.1z\"\/>\n<\/svg>\t\t<\/div>\n\t\t\t\t<div class=\"elementor-shape elementor-shape-bottom\" aria-hidden=\"true\" data-negative=\"false\">\n\t\t\t<svg xmlns=\"http:\/\/www.w3.org\/2000\/svg\" viewBox=\"0 0 2600 131.1\" preserveAspectRatio=\"none\">\n\t<path class=\"elementor-shape-fill\" d=\"M0 0L2600 0 2600 69.1 0 0z\"\/>\n\t<path class=\"elementor-shape-fill\" style=\"opacity:0.5\" d=\"M0 0L2600 0 2600 69.1 0 69.1z\"\/>\n\t<path class=\"elementor-shape-fill\" style=\"opacity:0.25\" d=\"M2600 0L0 0 0 130.1 2600 69.1z\"\/>\n<\/svg>\t\t<\/div>\n\t\t\t\t<div class=\"elementor-element elementor-element-95178af elementor-grid-3 elementor-grid-tablet-2 elementor-grid-mobile-1 elementor-posts--thumbnail-top elementor-card-shadow-yes elementor-posts__hover-gradient elementor-widget elementor-widget-posts\" data-id=\"95178af\" data-element_type=\"widget\" data-e-type=\"widget\" data-settings=\"{&quot;pagination_type&quot;:&quot;prev_next&quot;,&quot;cards_columns&quot;:&quot;3&quot;,&quot;cards_columns_tablet&quot;:&quot;2&quot;,&quot;cards_columns_mobile&quot;:&quot;1&quot;,&quot;cards_row_gap&quot;:{&quot;unit&quot;:&quot;px&quot;,&quot;size&quot;:35,&quot;sizes&quot;:[]},&quot;cards_row_gap_tablet&quot;:{&quot;unit&quot;:&quot;px&quot;,&quot;size&quot;:&quot;&quot;,&quot;sizes&quot;:[]},&quot;cards_row_gap_mobile&quot;:{&quot;unit&quot;:&quot;px&quot;,&quot;size&quot;:&quot;&quot;,&quot;sizes&quot;:[]}}\" data-widget_type=\"posts.cards\">\n\t\t\t\t<div class=\"elementor-widget-container\">\n\t\t\t\t\t\t\t<div class=\"elementor-posts-container elementor-posts elementor-posts--skin-cards elementor-grid\" role=\"list\">\n\t\t\t\t<article class=\"elementor-post elementor-grid-item post-4140 post type-post status-publish format-standard has-post-thumbnail hentry category-blog\" role=\"listitem\">\n\t\t\t<div class=\"elementor-post__card\">\n\t\t\t\t<a class=\"elementor-post__thumbnail__link\" href=\"https:\/\/www.akademiatenisowazabrze.pl\/?p=4140\" tabindex=\"-1\" ><div class=\"elementor-post__thumbnail\"><img decoding=\"async\" width=\"300\" height=\"164\" src=\"https:\/\/www.akademiatenisowazabrze.pl\/wp-content\/uploads\/2026\/03\/Gemini_Generated_Image_pzhiaspzhiaspzhi-300x164.png\" class=\"attachment-medium size-medium wp-image-4145\" alt=\"\" srcset=\"https:\/\/www.akademiatenisowazabrze.pl\/wp-content\/uploads\/2026\/03\/Gemini_Generated_Image_pzhiaspzhiaspzhi-300x164.png 300w, https:\/\/www.akademiatenisowazabrze.pl\/wp-content\/uploads\/2026\/03\/Gemini_Generated_Image_pzhiaspzhiaspzhi-1024x559.png 1024w, https:\/\/www.akademiatenisowazabrze.pl\/wp-content\/uploads\/2026\/03\/Gemini_Generated_Image_pzhiaspzhiaspzhi-768x419.png 768w, https:\/\/www.akademiatenisowazabrze.pl\/wp-content\/uploads\/2026\/03\/Gemini_Generated_Image_pzhiaspzhiaspzhi-1536x838.png 1536w, https:\/\/www.akademiatenisowazabrze.pl\/wp-content\/uploads\/2026\/03\/Gemini_Generated_Image_pzhiaspzhiaspzhi-2048x1117.png 2048w, https:\/\/www.akademiatenisowazabrze.pl\/wp-content\/uploads\/2026\/03\/Gemini_Generated_Image_pzhiaspzhiaspzhi-600x327.png 600w\" sizes=\"(max-width: 300px) 100vw, 300px\" \/><\/div><\/a>\n\t\t\t\t<div class=\"elementor-post__text\">\n\t\t\t\t<h3 class=\"elementor-post__title\">\n\t\t\t<a href=\"https:\/\/www.akademiatenisowazabrze.pl\/?p=4140\" >\n\t\t\t\tRegeneracja po turnieju\t\t\t<\/a>\n\t\t<\/h3>\n\t\t\t\t<div class=\"elementor-post__excerpt\">\n\t\t\t<p>Trening czy odpoczynek?<\/p>\n\t\t<\/div>\n\t\t\n\t\t<a class=\"elementor-post__read-more\" href=\"https:\/\/www.akademiatenisowazabrze.pl\/?p=4140\" aria-label=\"Read more about Regeneracja po turnieju\" tabindex=\"-1\" >\n\t\t\tCzytaj Dalej \u00bb\t\t<\/a>\n\n\t\t\t\t<\/div>\n\t\t\t\t\t<\/div>\n\t\t<\/article>\n\t\t\t\t<article class=\"elementor-post elementor-grid-item post-4039 post type-post status-publish format-standard has-post-thumbnail hentry category-blog\" role=\"listitem\">\n\t\t\t<div class=\"elementor-post__card\">\n\t\t\t\t<a class=\"elementor-post__thumbnail__link\" href=\"https:\/\/www.akademiatenisowazabrze.pl\/?p=4039\" tabindex=\"-1\" ><div class=\"elementor-post__thumbnail\"><img fetchpriority=\"high\" decoding=\"async\" width=\"300\" height=\"167\" src=\"https:\/\/www.akademiatenisowazabrze.pl\/wp-content\/uploads\/2026\/03\/NCAA-300x167.jpg\" class=\"attachment-medium size-medium wp-image-4048\" alt=\"\" srcset=\"https:\/\/www.akademiatenisowazabrze.pl\/wp-content\/uploads\/2026\/03\/NCAA-300x167.jpg 300w, https:\/\/www.akademiatenisowazabrze.pl\/wp-content\/uploads\/2026\/03\/NCAA-1024x572.jpg 1024w, https:\/\/www.akademiatenisowazabrze.pl\/wp-content\/uploads\/2026\/03\/NCAA-768x429.jpg 768w, https:\/\/www.akademiatenisowazabrze.pl\/wp-content\/uploads\/2026\/03\/NCAA-600x335.jpg 600w, https:\/\/www.akademiatenisowazabrze.pl\/wp-content\/uploads\/2026\/03\/NCAA.jpg 1376w\" sizes=\"(max-width: 300px) 100vw, 300px\" \/><\/div><\/a>\n\t\t\t\t<div class=\"elementor-post__text\">\n\t\t\t\t<h3 class=\"elementor-post__title\">\n\t\t\t<a href=\"https:\/\/www.akademiatenisowazabrze.pl\/?p=4039\" >\n\t\t\t\tNCAA &#8211; Nowe zasady w tenisie\t\t\t<\/a>\n\t\t<\/h3>\n\t\t\t\t<div class=\"elementor-post__excerpt\">\n\t\t\t<p>Gap year? Nie dla ka\u017cdego<\/p>\n\t\t<\/div>\n\t\t\n\t\t<a class=\"elementor-post__read-more\" href=\"https:\/\/www.akademiatenisowazabrze.pl\/?p=4039\" aria-label=\"Read more about NCAA &#8211; Nowe zasady w tenisie\" tabindex=\"-1\" >\n\t\t\tCzytaj Dalej \u00bb\t\t<\/a>\n\n\t\t\t\t<\/div>\n\t\t\t\t\t<\/div>\n\t\t<\/article>\n\t\t\t\t<article class=\"elementor-post elementor-grid-item post-4004 post type-post status-publish format-standard has-post-thumbnail hentry category-blog\" role=\"listitem\">\n\t\t\t<div class=\"elementor-post__card\">\n\t\t\t\t<a class=\"elementor-post__thumbnail__link\" href=\"https:\/\/www.akademiatenisowazabrze.pl\/?p=4004\" tabindex=\"-1\" ><div class=\"elementor-post__thumbnail\"><img decoding=\"async\" width=\"300\" height=\"300\" src=\"https:\/\/www.akademiatenisowazabrze.pl\/wp-content\/uploads\/2025\/06\/ndimg-square-05-300x300.jpg\" class=\"attachment-medium size-medium wp-image-1414\" alt=\"\" srcset=\"https:\/\/www.akademiatenisowazabrze.pl\/wp-content\/uploads\/2025\/06\/ndimg-square-05-300x300.jpg 300w, https:\/\/www.akademiatenisowazabrze.pl\/wp-content\/uploads\/2025\/06\/ndimg-square-05-100x100.jpg 100w, https:\/\/www.akademiatenisowazabrze.pl\/wp-content\/uploads\/2025\/06\/ndimg-square-05-600x600.jpg 600w, https:\/\/www.akademiatenisowazabrze.pl\/wp-content\/uploads\/2025\/06\/ndimg-square-05-150x150.jpg 150w, https:\/\/www.akademiatenisowazabrze.pl\/wp-content\/uploads\/2025\/06\/ndimg-square-05-768x768.jpg 768w, https:\/\/www.akademiatenisowazabrze.pl\/wp-content\/uploads\/2025\/06\/ndimg-square-05.jpg 1000w\" sizes=\"(max-width: 300px) 100vw, 300px\" \/><\/div><\/a>\n\t\t\t\t<div class=\"elementor-post__text\">\n\t\t\t\t<h3 class=\"elementor-post__title\">\n\t\t\t<a href=\"https:\/\/www.akademiatenisowazabrze.pl\/?p=4004\" >\n\t\t\t\tITF, IPIN, WTN\t\t\t<\/a>\n\t\t<\/h3>\n\t\t\t\t<div class=\"elementor-post__excerpt\">\n\t\t\t<p>podstawy ranking\u00f3w i rating\u00f3w<\/p>\n\t\t<\/div>\n\t\t\n\t\t<a class=\"elementor-post__read-more\" href=\"https:\/\/www.akademiatenisowazabrze.pl\/?p=4004\" aria-label=\"Read more about ITF, IPIN, WTN\" tabindex=\"-1\" >\n\t\t\tCzytaj Dalej \u00bb\t\t<\/a>\n\n\t\t\t\t<\/div>\n\t\t\t\t\t<\/div>\n\t\t<\/article>\n\t\t\t\t<article class=\"elementor-post elementor-grid-item post-3969 post type-post status-publish format-standard has-post-thumbnail hentry category-blog\" role=\"listitem\">\n\t\t\t<div class=\"elementor-post__card\">\n\t\t\t\t<a class=\"elementor-post__thumbnail__link\" href=\"https:\/\/www.akademiatenisowazabrze.pl\/?p=3969\" tabindex=\"-1\" ><div class=\"elementor-post__thumbnail\"><img loading=\"lazy\" decoding=\"async\" width=\"300\" height=\"300\" src=\"https:\/\/www.akademiatenisowazabrze.pl\/wp-content\/uploads\/2026\/02\/rodzictoksyk-300x300.jpg\" class=\"attachment-medium size-medium wp-image-3993\" alt=\"\" srcset=\"https:\/\/www.akademiatenisowazabrze.pl\/wp-content\/uploads\/2026\/02\/rodzictoksyk-300x300.jpg 300w, https:\/\/www.akademiatenisowazabrze.pl\/wp-content\/uploads\/2026\/02\/rodzictoksyk-150x150.jpg 150w, https:\/\/www.akademiatenisowazabrze.pl\/wp-content\/uploads\/2026\/02\/rodzictoksyk-768x768.jpg 768w, https:\/\/www.akademiatenisowazabrze.pl\/wp-content\/uploads\/2026\/02\/rodzictoksyk-600x600.jpg 600w, https:\/\/www.akademiatenisowazabrze.pl\/wp-content\/uploads\/2026\/02\/rodzictoksyk-100x100.jpg 100w, https:\/\/www.akademiatenisowazabrze.pl\/wp-content\/uploads\/2026\/02\/rodzictoksyk.jpg 1024w\" sizes=\"(max-width: 300px) 100vw, 300px\" \/><\/div><\/a>\n\t\t\t\t<div class=\"elementor-post__text\">\n\t\t\t\t<h3 class=\"elementor-post__title\">\n\t\t\t<a href=\"https:\/\/www.akademiatenisowazabrze.pl\/?p=3969\" >\n\t\t\t\tRodzic na korcie\t\t\t<\/a>\n\t\t<\/h3>\n\t\t\t\t<div class=\"elementor-post__excerpt\">\n\t\t\t<p>Jak by\u0107 wsparciem, a nie najwi\u0119kszym przeciwnikiem w\u0142asnego dziecka<\/p>\n\t\t<\/div>\n\t\t\n\t\t<a class=\"elementor-post__read-more\" href=\"https:\/\/www.akademiatenisowazabrze.pl\/?p=3969\" aria-label=\"Read more about Rodzic na korcie\" tabindex=\"-1\" >\n\t\t\tCzytaj Dalej \u00bb\t\t<\/a>\n\n\t\t\t\t<\/div>\n\t\t\t\t\t<\/div>\n\t\t<\/article>\n\t\t\t\t<article class=\"elementor-post elementor-grid-item post-3935 post type-post status-publish format-standard has-post-thumbnail hentry category-blog\" role=\"listitem\">\n\t\t\t<div class=\"elementor-post__card\">\n\t\t\t\t<a class=\"elementor-post__thumbnail__link\" href=\"https:\/\/www.akademiatenisowazabrze.pl\/?p=3935\" tabindex=\"-1\" ><div class=\"elementor-post__thumbnail\"><img loading=\"lazy\" decoding=\"async\" width=\"300\" height=\"300\" src=\"https:\/\/www.akademiatenisowazabrze.pl\/wp-content\/uploads\/2025\/06\/ndimg-square-03-300x300.jpg\" class=\"attachment-medium size-medium wp-image-1411\" alt=\"\" srcset=\"https:\/\/www.akademiatenisowazabrze.pl\/wp-content\/uploads\/2025\/06\/ndimg-square-03-300x300.jpg 300w, https:\/\/www.akademiatenisowazabrze.pl\/wp-content\/uploads\/2025\/06\/ndimg-square-03-100x100.jpg 100w, https:\/\/www.akademiatenisowazabrze.pl\/wp-content\/uploads\/2025\/06\/ndimg-square-03-600x600.jpg 600w, https:\/\/www.akademiatenisowazabrze.pl\/wp-content\/uploads\/2025\/06\/ndimg-square-03-150x150.jpg 150w, https:\/\/www.akademiatenisowazabrze.pl\/wp-content\/uploads\/2025\/06\/ndimg-square-03-768x768.jpg 768w, https:\/\/www.akademiatenisowazabrze.pl\/wp-content\/uploads\/2025\/06\/ndimg-square-03.jpg 1000w\" sizes=\"(max-width: 300px) 100vw, 300px\" \/><\/div><\/a>\n\t\t\t\t<div class=\"elementor-post__text\">\n\t\t\t\t<h3 class=\"elementor-post__title\">\n\t\t\t<a href=\"https:\/\/www.akademiatenisowazabrze.pl\/?p=3935\" >\n\t\t\t\tChecklista dla Rodzic\u00f3w i Zawodnik\u00f3w\t\t\t<\/a>\n\t\t<\/h3>\n\t\t\t\t<div class=\"elementor-post__excerpt\">\n\t\t\t<p>Pierwszy turniej? Przygotuj si\u0119!<\/p>\n\t\t<\/div>\n\t\t\n\t\t<a class=\"elementor-post__read-more\" href=\"https:\/\/www.akademiatenisowazabrze.pl\/?p=3935\" aria-label=\"Read more about Checklista dla Rodzic\u00f3w i Zawodnik\u00f3w\" tabindex=\"-1\" >\n\t\t\tCzytaj Dalej \u00bb\t\t<\/a>\n\n\t\t\t\t<\/div>\n\t\t\t\t\t<\/div>\n\t\t<\/article>\n\t\t\t\t<article class=\"elementor-post elementor-grid-item post-3927 post type-post status-publish format-standard has-post-thumbnail hentry category-blog\" role=\"listitem\">\n\t\t\t<div class=\"elementor-post__card\">\n\t\t\t\t<a class=\"elementor-post__thumbnail__link\" href=\"https:\/\/www.akademiatenisowazabrze.pl\/?p=3927\" tabindex=\"-1\" ><div class=\"elementor-post__thumbnail\"><img loading=\"lazy\" decoding=\"async\" width=\"300\" height=\"200\" src=\"https:\/\/www.akademiatenisowazabrze.pl\/wp-content\/uploads\/2025\/06\/ndimg-parallax-08-300x200.jpg\" class=\"attachment-medium size-medium wp-image-1727\" alt=\"\" srcset=\"https:\/\/www.akademiatenisowazabrze.pl\/wp-content\/uploads\/2025\/06\/ndimg-parallax-08-300x200.jpg 300w, https:\/\/www.akademiatenisowazabrze.pl\/wp-content\/uploads\/2025\/06\/ndimg-parallax-08-600x400.jpg 600w, https:\/\/www.akademiatenisowazabrze.pl\/wp-content\/uploads\/2025\/06\/ndimg-parallax-08-1024x683.jpg 1024w, https:\/\/www.akademiatenisowazabrze.pl\/wp-content\/uploads\/2025\/06\/ndimg-parallax-08-768x512.jpg 768w, https:\/\/www.akademiatenisowazabrze.pl\/wp-content\/uploads\/2025\/06\/ndimg-parallax-08-1536x1024.jpg 1536w, https:\/\/www.akademiatenisowazabrze.pl\/wp-content\/uploads\/2025\/06\/ndimg-parallax-08.jpg 1920w\" sizes=\"(max-width: 300px) 100vw, 300px\" \/><\/div><\/a>\n\t\t\t\t<div class=\"elementor-post__text\">\n\t\t\t\t<h3 class=\"elementor-post__title\">\n\t\t\t<a href=\"https:\/\/www.akademiatenisowazabrze.pl\/?p=3927\" >\n\t\t\t\tNie ka\u017cdy musi by\u0107 zawodowcem\t\t\t<\/a>\n\t\t<\/h3>\n\t\t\t\t<div class=\"elementor-post__excerpt\">\n\t\t\t<p>R\u00f3\u017cne \u015bcie\u017cki w tenisie<\/p>\n\t\t<\/div>\n\t\t\n\t\t<a class=\"elementor-post__read-more\" href=\"https:\/\/www.akademiatenisowazabrze.pl\/?p=3927\" aria-label=\"Read more about Nie ka\u017cdy musi by\u0107 zawodowcem\" tabindex=\"-1\" >\n\t\t\tCzytaj Dalej \u00bb\t\t<\/a>\n\n\t\t\t\t<\/div>\n\t\t\t\t\t<\/div>\n\t\t<\/article>\n\t\t\t\t<article class=\"elementor-post elementor-grid-item post-3552 post type-post status-publish format-standard has-post-thumbnail hentry category-blog\" role=\"listitem\">\n\t\t\t<div class=\"elementor-post__card\">\n\t\t\t\t<a class=\"elementor-post__thumbnail__link\" href=\"https:\/\/www.akademiatenisowazabrze.pl\/?p=3552\" tabindex=\"-1\" ><div class=\"elementor-post__thumbnail\"><img loading=\"lazy\" decoding=\"async\" width=\"300\" height=\"200\" src=\"https:\/\/www.akademiatenisowazabrze.pl\/wp-content\/uploads\/2025\/06\/e35756a3-6e78-4f33-94a7-e8a24c694cee-300x200.png\" class=\"attachment-medium size-medium wp-image-3581\" alt=\"College USA AI generated\" srcset=\"https:\/\/www.akademiatenisowazabrze.pl\/wp-content\/uploads\/2025\/06\/e35756a3-6e78-4f33-94a7-e8a24c694cee-300x200.png 300w, https:\/\/www.akademiatenisowazabrze.pl\/wp-content\/uploads\/2025\/06\/e35756a3-6e78-4f33-94a7-e8a24c694cee-1024x683.png 1024w, https:\/\/www.akademiatenisowazabrze.pl\/wp-content\/uploads\/2025\/06\/e35756a3-6e78-4f33-94a7-e8a24c694cee-768x512.png 768w, https:\/\/www.akademiatenisowazabrze.pl\/wp-content\/uploads\/2025\/06\/e35756a3-6e78-4f33-94a7-e8a24c694cee-600x400.png 600w, https:\/\/www.akademiatenisowazabrze.pl\/wp-content\/uploads\/2025\/06\/e35756a3-6e78-4f33-94a7-e8a24c694cee.png 1536w\" sizes=\"(max-width: 300px) 100vw, 300px\" \/><\/div><\/a>\n\t\t\t\t<div class=\"elementor-post__text\">\n\t\t\t\t<h3 class=\"elementor-post__title\">\n\t\t\t<a href=\"https:\/\/www.akademiatenisowazabrze.pl\/?p=3552\" >\n\t\t\t\tRekrutacja tenisowa do USA\t\t\t<\/a>\n\t\t<\/h3>\n\t\t\t\t<div class=\"elementor-post__excerpt\">\n\t\t\t<p>Kiedy zacz\u0105\u0107 i jak wygl\u0105da proces krok po kroku<\/p>\n\t\t<\/div>\n\t\t\n\t\t<a class=\"elementor-post__read-more\" href=\"https:\/\/www.akademiatenisowazabrze.pl\/?p=3552\" aria-label=\"Read more about Rekrutacja tenisowa do USA\" tabindex=\"-1\" >\n\t\t\tCzytaj Dalej \u00bb\t\t<\/a>\n\n\t\t\t\t<\/div>\n\t\t\t\t\t<\/div>\n\t\t<\/article>\n\t\t\t\t<\/div>\n\t\t\n\t\t\t\t\t\t<\/div>\n\t\t\t\t<\/div>\n\t\t\t\t<\/div>\n\t\t\t\t<\/div>\n\t\t","protected":false},"excerpt":{"rendered":"","protected":false},"author":1,"featured_media":0,"parent":0,"menu_order":0,"comment_status":"closed","ping_status":"closed","template":"","meta":{"_themeisle_gutenberg_block_has_review":false,"footnotes":""},"class_list":["post-3518","page","type-page","status-publish","hentry"],"_links":{"self":[{"href":"https:\/\/www.akademiatenisowazabrze.pl\/index.php?rest_route=\/wp\/v2\/pages\/3518","targetHints":{"allow":["GET"]}}],"collection":[{"href":"https:\/\/www.akademiatenisowazabrze.pl\/index.php?rest_route=\/wp\/v2\/pages"}],"about":[{"href":"https:\/\/www.akademiatenisowazabrze.pl\/index.php?rest_route=\/wp\/v2\/types\/page"}],"author":[{"embeddable":true,"href":"https:\/\/www.akademiatenisowazabrze.pl\/index.php?rest_route=\/wp\/v2\/users\/1"}],"replies":[{"embeddable":true,"href":"https:\/\/www.akademiatenisowazabrze.pl\/index.php?rest_route=%2Fwp%2Fv2%2Fcomments&post=3518"}],"version-history":[{"count":16,"href":"https:\/\/www.akademiatenisowazabrze.pl\/index.php?rest_route=\/wp\/v2\/pages\/3518\/revisions"}],"predecessor-version":[{"id":3540,"href":"https:\/\/www.akademiatenisowazabrze.pl\/index.php?rest_route=\/wp\/v2\/pages\/3518\/revisions\/3540"}],"wp:attachment":[{"href":"https:\/\/www.akademiatenisowazabrze.pl\/index.php?rest_route=%2Fwp%2Fv2%2Fmedia&parent=3518"}],"curies":[{"name":"wp","href":"https:\/\/api.w.org\/{rel}","templated":true}]}}